{"id":2,"date":"2020-02-03T10:46:27","date_gmt":"2020-02-03T09:46:27","guid":{"rendered":"http:\/\/l12.pk.edu.pl\/?page_id=2"},"modified":"2021-03-12T10:45:45","modified_gmt":"2021-03-12T09:45:45","slug":"przykladowa-strona","status":"publish","type":"page","link":"https:\/\/l12.pk.edu.pl\/?page_id=2","title":{"rendered":"Oferta"},"content":{"rendered":"\n<p>Laboratorium Badawcze Materia\u0142\u00f3w i Konstrukcji Budowlanych oferuje wykonywanie bada\u0144 w nast\u0119puj\u0105cych obszarach:<\/p>\n\n\n\n<p><strong>I. Badania mieszanki betonowej, betonu stwardnia\u0142ego i zapraw:<\/strong><\/p>\n\n\n\n<ul class=\"wp-block-list\"><li>badanie konsystencji,<\/li><li>badanie wytrzyma\u0142o\u015bci na \u015bciskanie,<\/li><li>badanie wytrzyma\u0142o\u015bci na rozci\u0105ganie,<\/li><li>okre\u015blenie wodoszczelno\u015bci,<\/li><li>badanie modu\u0142u spr\u0119\u017cysto\u015bci.<\/li><\/ul>\n\n\n\n<p><strong>II. Badania w\u0142a\u015bciwo\u015bci mechanicznych metali i wyrob\u00f3w metalowych:<\/strong><\/p>\n\n\n\n<ul class=\"wp-block-list\"><li>wykonywanie statycznej pr\u00f3by rozci\u0105gania,<\/li><li>okre\u015blenie wytrzyma\u0142o\u015bci na obci\u0105\u017cenia cykliczne,<\/li><li>okre\u015blenie podatno\u015bci na odkszta\u0142cenia plastyczne.<\/li><\/ul>\n\n\n\n<p><strong>III. Badania system\u00f3w przytwierdzenia szyny do podk\u0142ad\u00f3w lub nawierzchni bezpodsypkowej:<\/strong><\/p>\n\n\n\n<ul class=\"wp-block-list\"><li>przeprowadzenie pr\u00f3bnego obci\u0105\u017cenia mocowania systemu przytwierdzenia szyny,<\/li><li>okre\u015blenie sztywno\u015b\u0107 statyczna i dynamicznej przek\u0142adki podszynowej,<\/li><li>okre\u015blenie pionowej sztywno\u015b\u0107 statycznej i dynamicznej systemu przytwierdzenia szyny,<\/li><li>okre\u015blenie t\u0142umienia obci\u0105\u017ce\u0144 dynamicznych sytemu przytwierdzenia szyny,<\/li><li>wyznaczenie oporu pod\u0142u\u017cnego szyny wzgl\u0119dem pod\u0142o\u017ca,<\/li><li>wyznaczenie si\u0142y docisku szyny,<\/li><li>okre\u015blenie oporu na skr\u0119canie szyny wzgl\u0119dem pod\u0142o\u017ca,<\/li><li>okre\u015blenie skutk\u00f3w obci\u0105\u017ce\u0144 powtarzalnych systemu przytwierdzenia szyny,<\/li><li>pomiar rezystancji systemu przytwierdzenia szyny,<\/li><li>okre\u015blenie efektu dzia\u0142ania trudnych warunk\u00f3w \u015brodowiska na elementy przytwierdzenia szyny.<\/li><\/ul>\n\n\n\n<p><strong>IV. Badania podk\u0142ad\u00f3w i podrozjazdnic z betonu spr\u0119\u017conego:<\/strong><\/p>\n\n\n\n<ul class=\"wp-block-list\"><li>okre\u015blenie rysoodporno\u015bci cz\u0119\u015bci podszynowej przy obci\u0105\u017ceniu statycznym,<\/li><li>okre\u015blenie rysoodporno\u015bci cz\u0119\u015bci \u015brodkowej przy obci\u0105\u017ceniu statycznym w pozycji normalnej i odwr\u00f3conej,<\/li><li>okre\u015blenie rysoodporno\u015bci cz\u0119\u015bci podszynowej przy obci\u0105\u017ceniu dynamicznym i zm\u0119czeniowym.<\/li><\/ul>\n\n\n\n<p><strong>V. Badania no\u015bno\u015bci wielkogabarytowych element\u00f3w \u017celbetowych:<\/strong><\/p>\n\n\n\n<ul class=\"wp-block-list\"><li>okre\u015blenie no\u015bno\u015bci na zginanie,<\/li><li>okre\u015blenie no\u015bno\u015bci na \u015bcinanie.<\/li><\/ul>\n\n\n\n<p><strong>VI. Badania wybranych w\u0142a\u015bciwo\u015bci kamienia naturalnego:<\/strong><\/p>\n\n\n\n<ul class=\"wp-block-list\"><li>okre\u015blenie wytrzyma\u0142o\u015bci na \u015bciskanie,<\/li><li>okre\u015blenie nasi\u0105kliwo\u015bci,<\/li><li>okre\u015blenie no\u015bno\u015bci,<\/li><li>wyznaczenie si\u0142y niszcz\u0105cej przy otworze na ko\u0142ek.<\/li><\/ul>\n","protected":false},"excerpt":{"rendered":"<p>Laboratorium Badawcze Materia\u0142\u00f3w i Konstrukcji Budowlanych oferuje wykonywanie bada\u0144 w nast\u0119puj\u0105cych obszarach: I. Badania mieszanki betonowej, betonu stwardnia\u0142ego i zapraw: badanie konsystencji, badanie wytrzyma\u0142o\u015bci na \u015bciskanie, badanie wytrzyma\u0142o\u015bci na rozci\u0105ganie, okre\u015blenie wodoszczelno\u015bci, badanie modu\u0142u spr\u0119\u017cysto\u015bci. II. Badania w\u0142a\u015bciwo\u015bci mechanicznych metali i wyrob\u00f3w metalowych: wykonywanie statycznej pr\u00f3by rozci\u0105gania, okre\u015blenie wytrzyma\u0142o\u015bci na obci\u0105\u017cenia cykliczne, okre\u015blenie podatno\u015bci na &hellip; <\/p>\n<p class=\"link-more\"><a href=\"https:\/\/l12.pk.edu.pl\/?page_id=2\" class=\"more-link\">Czytaj dalej<span class=\"screen-reader-text\"> \u201eOferta\u201d<\/span><\/a><\/p>\n","protected":false},"author":1,"featured_media":0,"parent":0,"menu_order":0,"comment_status":"closed","ping_status":"open","template":"","meta":{"footnotes":""},"class_list":["post-2","page","type-page","status-publish","hentry"],"_links":{"self":[{"href":"https:\/\/l12.pk.edu.pl\/index.php?rest_route=\/wp\/v2\/pages\/2","targetHints":{"allow":["GET"]}}],"collection":[{"href":"https:\/\/l12.pk.edu.pl\/index.php?rest_route=\/wp\/v2\/pages"}],"about":[{"href":"https:\/\/l12.pk.edu.pl\/index.php?rest_route=\/wp\/v2\/types\/page"}],"author":[{"embeddable":true,"href":"https:\/\/l12.pk.edu.pl\/index.php?rest_route=\/wp\/v2\/users\/1"}],"replies":[{"embeddable":true,"href":"https:\/\/l12.pk.edu.pl\/index.php?rest_route=%2Fwp%2Fv2%2Fcomments&post=2"}],"version-history":[{"count":4,"href":"https:\/\/l12.pk.edu.pl\/index.php?rest_route=\/wp\/v2\/pages\/2\/revisions"}],"predecessor-version":[{"id":167,"href":"https:\/\/l12.pk.edu.pl\/index.php?rest_route=\/wp\/v2\/pages\/2\/revisions\/167"}],"wp:attachment":[{"href":"https:\/\/l12.pk.edu.pl\/index.php?rest_route=%2Fwp%2Fv2%2Fmedia&parent=2"}],"curies":[{"name":"wp","href":"https:\/\/api.w.org\/{rel}","templated":true}]}}