{"id":11,"date":"2020-02-03T10:48:54","date_gmt":"2020-02-03T09:48:54","guid":{"rendered":"http:\/\/l12.pk.edu.pl\/?page_id=11"},"modified":"2021-03-17T13:21:20","modified_gmt":"2021-03-17T12:21:20","slug":"kontakt","status":"publish","type":"page","link":"https:\/\/l12.pk.edu.pl\/?page_id=11","title":{"rendered":"Kontakt"},"content":{"rendered":"\n<figure class=\"wp-block-table\"><table class=\"has-fixed-layout\"><tbody><tr><td class=\"has-text-align-center\" data-align=\"center\"> <img loading=\"lazy\" decoding=\"async\" width=\"50\" height=\"50\" class=\"wp-image-315\" style=\"width: 50px;\" src=\"https:\/\/l12.pk.edu.pl\/wp-content\/uploads\/2021\/03\/home1.png\" alt=\"\"><\/td><td class=\"has-text-align-center\" data-align=\"center\"><img loading=\"lazy\" decoding=\"async\" width=\"50\" height=\"50\" class=\"wp-image-317\" style=\"width: 50px;\" src=\"https:\/\/l12.pk.edu.pl\/wp-content\/uploads\/2021\/03\/phone1.png\" alt=\"\"><\/td><td class=\"has-text-align-center\" data-align=\"center\"><img loading=\"lazy\" decoding=\"async\" width=\"50\" height=\"50\" class=\"wp-image-316\" style=\"width: 50px;\" src=\"https:\/\/l12.pk.edu.pl\/wp-content\/uploads\/2021\/03\/mail1.png\" alt=\"\"><\/td><\/tr><tr><td class=\"has-text-align-center\" data-align=\"center\"><strong>Laboratorium Badawcze Materia\u0142\u00f3w     <\/strong><br><strong>       i Konstrukcji Budowlanych<\/strong><br>Politechnika Krakowska im. Tadeusza Ko\u015bciuszki<br>ul. Warszawska 24<br>31-155 Krak\u00f3w<br>budynek W-13<\/td><td class=\"has-text-align-center\" data-align=\"center\">tel. +48 12 628 23 79<br>tel. +48 12 628 23 89<\/td><td class=\"has-text-align-center\" data-align=\"center\">L-12@pk.edu.pl<\/td><\/tr><\/tbody><\/table><\/figure>\n\n\n\n<p><\/p>\n","protected":false},"excerpt":{"rendered":"<p>Laboratorium Badawcze Materia\u0142\u00f3w i Konstrukcji BudowlanychPolitechnika Krakowska im. Tadeusza Ko\u015bciuszkiul. Warszawska 2431-155 Krak\u00f3wbudynek W-13 tel. +48 12 628 23 79tel. +48 12 628 23 89 L-12@pk.edu.pl<\/p>\n","protected":false},"author":1,"featured_media":0,"parent":0,"menu_order":0,"comment_status":"closed","ping_status":"closed","template":"","meta":{"footnotes":""},"class_list":["post-11","page","type-page","status-publish","hentry"],"_links":{"self":[{"href":"https:\/\/l12.pk.edu.pl\/index.php?rest_route=\/wp\/v2\/pages\/11","targetHints":{"allow":["GET"]}}],"collection":[{"href":"https:\/\/l12.pk.edu.pl\/index.php?rest_route=\/wp\/v2\/pages"}],"about":[{"href":"https:\/\/l12.pk.edu.pl\/index.php?rest_route=\/wp\/v2\/types\/page"}],"author":[{"embeddable":true,"href":"https:\/\/l12.pk.edu.pl\/index.php?rest_route=\/wp\/v2\/users\/1"}],"replies":[{"embeddable":true,"href":"https:\/\/l12.pk.edu.pl\/index.php?rest_route=%2Fwp%2Fv2%2Fcomments&post=11"}],"version-history":[{"count":12,"href":"https:\/\/l12.pk.edu.pl\/index.php?rest_route=\/wp\/v2\/pages\/11\/revisions"}],"predecessor-version":[{"id":353,"href":"https:\/\/l12.pk.edu.pl\/index.php?rest_route=\/wp\/v2\/pages\/11\/revisions\/353"}],"wp:attachment":[{"href":"https:\/\/l12.pk.edu.pl\/index.php?rest_route=%2Fwp%2Fv2%2Fmedia&parent=11"}],"curies":[{"name":"wp","href":"https:\/\/api.w.org\/{rel}","templated":true}]}}